 what is -2ab2 + -a9?
-2b8b
In base 8, what is -16344 - 260?
-16624
In base 8, what is 125 - -364?
511
In base 8, what is 12 - 200202?
-200170
In base 10, what is 1300 - 7?
1293
In base 14, what is 356a8 + 2?
356aa
In base 11, what is 679a - -10?
67aa
In base 10, what is -25149 + 4?
-25145
In base 8, what is -11021442 + -4?
-11021446
In base 7, what is -150 + -3462?
-3642
In base 13, what is 8c28 + 4?
8c2c
In base 14, what is -5d7 + 24?
-5b3
In base 16, what is 17 + 2e0?
2f7
In base 6, what is -31504 - -202?
-31302
In base 6, what is -1023013 - 5?
-1023022
In base 9, what is -712 + 0?
-712
In base 15, what is 28 + 2312?
233a
In base 11, what is -11 - 640?
-651
In base 12, what is -3856 + -56?
-38b0
In base 12, what is 1b6 + 3942?
3b38
In base 13, what is 4 + 1094?
1098
In base 15, what is -3 - 800e6?
-800e9
In base 5, what is 13 - 1103402?
-1103334
In base 3, what is 12000 - 2210011?
-2121011
In base 9, what is 3 - 28062?
-28058
In base 14, what is 164 + -9c?
a6
In base 13, what is -2 - 3c37?
-3c39
In base 16, what is c2 - 1bd1?
-1b0f
In base 12, what is -4a5 + -bb9?
-14a2
In base 9, what is 3438 - 27?
3411
In base 16, what is fa8 + -2?
fa6
In base 8, what is -5 - 45656?
-45663
In base 12, what is 2b877 + 3?
2b87a
In base 16, what is 2e2 + -93?
24f
In base 12, what is 253235 + -2?
253233
In base 3, what is 10 - -2212120?
2212200
In base 5, what is 24121 - 1?
24120
In base 11, what is -6646 + 40?
-6606
In base 16, what is -2 - -3212d?
3212b
In base 15, what is 1d - -b7c?
b9a
In base 12, what is -330 + -100a?
-133a
In base 12, what is -a - a032?
-a040
In base 11, what is -6772a5 + -4?
-6772a9
In base 16, what is -84 - 2c5c?
-2ce0
In base 15, what is -952 - -14d?
-804
In base 12, what is 6a - 781?
-713
In base 14, what is 1598 - 8d?
1509
In base 3, what is -1002112111 + 21102?
-1002021002
In base 7, what is 160024 - 2?
160022
In base 6, what is 2 + -30324?
-30322
In base 10, what is 74 - 2117?
-2043
In base 8, what is -4 + -22645?
-22651
In base 7, what is 60501 + 12?
60513
In base 14, what is -439d + 4?
-4399
In base 16, what is 0 - 3fb3?
-3fb3
In base 6, what is -1 - 300052?
-300053
In base 3, what is 22011100100 + 12?
22011100112
In base 4, what is -22100233 + -11?
-22100310
In base 3, what is 111 - 12022021?
-12021210
In base 9, what is -3764 + -18?
-3783
In base 8, what is 6 + 147523?
147531
In base 5, what is -32311 - -113?
-32143
In base 12, what is -31b47 + -2?
-31b49
In base 16, what is 31 + -9be?
-98d
In base 9, what is 22 + 37868?
38001
In base 14, what is c2 - -92?
174
In base 15, what is 273 + -136d?
-10ea
In base 12, what is -3 - 48620?
-48623
In base 6, what is 2431 + 1?
2432
In base 6, what is -12510523 + 2?
-12510521
In base 5, what is 303030 + 10?
303040
In base 4, what is -3 + -3002201321?
-3002201330
In base 11, what is -13 + 4822?
480a
In base 3, what is -2 - 1002220022121?
-1002220022200
In base 13, what is -9b - 58?
-126
In base 10, what is 377327 + 3?
377330
In base 16, what is -1 + -2cac?
-2cad
In base 7, what is 24 + 5226?
5253
In base 10, what is 905 - 26?
879
In base 11, what is -229043 - -4?
-22903a
In base 11, what is 6 - 17697?
-17691
In base 7, what is -22 + 2026?
2004
In base 5, what is 1140 + -3410?
-2220
In base 6, what is -25005 - -105?
-24500
In base 8, what is -522 + 10356?
7634
In base 2, what is -1101111110010 + 100?
-1101111101110
In base 6, what is 23240 + -4?
23232
In base 3, what is 1 + 2222021?
2222022
In base 15, what is -b1 - d2?
-193
In base 12, what is -738a58 + 2?
-738a56
In base 8, what is 64345 - -4?
64351
In base 12, what is -11 + 2343?
2332
In base 13, what is -18102 - -b?
-180c4
In base 15, what is -5de1 - d?
-5dee
In base 11, what is 9 - -2535?
2543
In base 13, what is -a0 + 2b0?
210
In base 7, what is 3 + -21322?
-21316
In base 7, what is 332 + 2?
334
In base 12, what is 6 - 72ab1?
-72aa7
In base 12, what is -3 - -bb0b9?
bb0b6
In base 7, what is -10343620 - 0?
-10343620
In base 13, what is 184 - -20?
1a4
In base 11, what is -133936 - 3?
-133939
In base 5, what is -12033021 + 11?
-12033010
In base 13, what is 17331 - 5?
17329
In base 15, what is -d - 76e6?
-7704
In base 6, what is -310005 + 1015?
-304550
In base 14, what is -1826 + b8?
-174c
In base 13, what is c + -c08?
-bc9
In base 4, what is -11 + 102122002?
102121331
In base 11, what is -2735 + a9?
-2637
In base 3, what is -21 + 222201?
222110
In base 9, what is 8868243 - 2?
8868241
In base 4, what is 101 - 111031?
-110330
In base 3, what is -220222012 + 121?
-220221121
In base 7, what is 13 + 561?
604
In base 7, what is 6 - 1153434?
-1153425
In base 4, what is -123 + 21222122?
21221333
In base 9, what is -5362 - -3?
-5358
In base 6, what is -13 + 10305?
10252
In base 14, what is 40 + 18?
58
In base 4, what is 223202 + 322?
230130
In base 16, what is -26d + -197?
-404
In base 14, what is 4d3 + -ca?
407
In base 10, what is -469656 - -3?
-469653
In base 3, what is 11 + -1222112211?
-1222112200
In base 6, what is -100322 + -24?
-100350
In base 6, what is -3531 - 2344?
-10315
In base 15, what is 4bd63 + -1?
4bd62
In base 4, what is 3 - -120120130?
120120133
In base 2, what is -1000 + -1101011010000?
-1101011011000
In base 7, what is 256046 - 104?
255642
In base 10, what is 655371 + 2?
655373
In base 2, what is 0 + -111110001110?
-111110001110
In base 5, what is 4134 + -214?
3420
In base 2, what is 100 + 1110110100010111?
1110110100011011
In base 13, what is 1 + 2284?
2285
In base 5, what is 11320032 + -1?
11320031
In base 6, what is 2004045 - -10?
2004055
In base 2, what is 110001111101100 + -100001?
110001111001011
In base 2, what is 1001010100011 - -1000101?
1001011101000
In base 14, what is 30b50 - 2?
30b4c
In base 3, what is -1100012 - 11122?
-1111211
In base 9, what is 858166 - -1?
858167
In base 14, what is 3 + 7681?
7684
In base 11, what is 741787 - 2?
741785
In base 14, what is 105b2 + 1?
105b3
In base 10, what is 838 - -61?
899
In base 13, what is 2138a + -1?
21389
In base 10, what is 20 - 1823?
-1803
In base 9, what is 2883262 + 2?
2883264
In base 14, what is -2c1 - 9c9?
-caa
In base 6, what is -1150230 + -30?
-1150300
In base 15, what is 2a95 - 2?
2a93
In base 10, what is 5 + 2466?
2471
In base 7, what is 5 - 111132?
-111124
In base 6, what is -53 - 1104?
-1201
In base 3, what is -212120220220 - -12?
-212120220201
In base 16, what is -1167 - 21a?
-1381
In base 5, what is 100110 + 203?
100313
In base 10, what is 66 + -376?
-310
In base 8, what is -16450 + 504?
-15744
In base 2, what is -10011000100000 + 110?
-10011000011010
In base 14, what is 279 + 73?
30c
In base 4, what is 3312032 - -3?
3312101
In base 8, what is 66112 + 16?
66130
In base 12, what is 950 - -188?
b18
In base 15, what is 24 - 1175?
-1151
In base 2, what is 1010011000 - 110100000?
11111000
In base 12, what is -1bb73b + -13?
-1bb752
In base 8, what is 224647 - -5?
224654
In base 16, what is -367 + -38?
-39f
In base 7, what is 10032 + 466?
10531
In base 15, what is 33 - -2b7?
2ea
In base 2, what is 111111001111010100 - -11?
111111001111010111
In base 10, what is 4 - -14045?
14049
In base 4, what is -10 - -1200100?
1200030
In base 12, what is 8 - 114b?
-1143
In base 14, what is 888 - 52?
836
In base 8, what is -132 - 5021?
-5153
In base 14, what is -54 + 61d?
5a9
In base 13, what is -11 - c4a?
-c5b
In base 2, what is -1000111101101 - -1?
-1000111101100
In base 7, what is -3 - -130464?
130461
In base 15, what is 1e4 - a4?
140
In base 2, what is -1100001 + -11110000000?
-11111100001
In base 2, what is -10110100011110000 + -10?
-10110100011110010
In base 8, what is 2242 + -44?
2176
In base 6, what is 41 - -421110?
421151
In base 9, what is 713 - -10507?
11321
In base 8, what is 37445 + -113?
37332
In base 13, what is -15 - -1827?
1812
In base 10, what is -993629 + 0?
-993629
In base 14, what is 719 + -99?
660
In base 2, what is -111010011001 - 10?
-111010011011
In base 10, what is -498 + -80?
-578
In base 4, what is -20012 + -233?
-20311
In base 2, what is 1011101 + 110111?
10010100
In base 10, what is 52916 - -10?
52926
In base 8, what is 50 + 163205?
163255
In base 4, what is 33110112 - 0?
33110112
In base 14, what is -a6 - 1c2d?
-1cd5
In base 4, what is -1200300 - -3?
-1200231
In base 9, what is -1648 + -857?
-2616
In base 13, what is -1aa36 + -24?
-1aa5a
In base